et i = 5 + b. What is the remainder when i is divided by j?
9
Suppose k + 4 = 18. Suppose -52 = 2*j - 4*j. Calculate the remainder when j is divided by k.
12
Let u(n) = -n**3 + 3*n**2 + 6*n - 4. Let s be u(4). Suppose -c = -s, -5*k - 2*c + 49 = -29. What is the remainder when 40 is divided by k?
12
Suppose 2*b + 2*b - 128 = 0. Suppose 4*v - 88 = 4*y + 76, 2*v = -2*y + 74. Let j = -28 + v. Calculate the remainder when b is divided by j.
10
Let z(l) = 10*l**2 + 2*l. What is the remainder when 39 is divided by z(-1)?
7
Let g(v) = v + 8*v - 5 - 4*v. What is the remainder when g(8) is divided by 12?
11
Suppose 2*z + 4 = s + 3*z, 3*s - z - 12 = 0. Calculate the remainder when (-78)/(-8) + 4/16 is divided by s.
2
Let u = -7 - -14. Suppose 4*q - 31 = -3*y, -2*q + 0*q + u = y. Suppose 0 = 2*f - 55 - 75. Calculate the remainder when f is divided by y.
14
Suppose 8*l = 7*l + 7. Calculate the remainder when 19 is divided by l.
5
Let h(z) = -z**3 - 5*z**2 - z - 3. Suppose 30 - 5 = -5*b. Let m be h(b). Suppose -i - 9 = -m*i. Calculate the remainder when 25 is divided by i.
7
Let n = 19 + -12. What is the remainder when 46 is divided by n?
4
Suppose 2*x = 6*x - 28. Let s(b) = -b**3 + 5*b**2 + 8*b - 1. Let z be s(6). Let n = -7 + z. Calculate the remainder when x is divided by n.
3
Let q = -28 + 61. Suppose 6*l - k - 44 = 2*l, -5*k = -3*l + q. What is the remainder when 41 is divided by l?
8
What is the remainder when 99 + 0/((-20)/(-5)) is divided by 34?
31
Let v = 18 - 23. Calculate the remainder when 6 is divided by (-2 - v) + -3 + 2.
0
Suppose 5*u = u + 24. What is the remainder when u is divided by 54/15 + 4/10?
2
Suppose 88 = 3*o + 28. Suppose 4*t = -o + 188. Suppose -x + t = 2*x. What is the remainder when x is divided by 5?
4
Let r = -72 - -111. Calculate the remainder when r is divided by 13.
0
Let m = -45 - -71. Suppose 3*t - v = 9, 5*t = 4*v + m - 4. Calculate the remainder when 6 is divided by t.
0
Suppose -c + 4*z = -5 - 5, -22 = -4*c - 2*z. Let u(a) = -a**3 + 6*a**2 + 4*a - 8. Let q be u(c). Let f = -8 + q. Calculate the remainder when f is divided by 5.
3
Suppose 4*x = z - 61, -5*x = -3*x - 3*z + 23. Let m(p) = -p**3 - 3*p**2 + 4*p. Let h be m(-5). Let j = h + x. What is the remainder when j is divided by 8?
6
Suppose -132 = -4*z - 4*j, z - j - 19 = 20. Let d(p) = -3*p + 1. Let o = -13 + 7. What is the remainder when z is divided by d(o)?
17
Let w = -133 - -371. Suppose 5*d - 57 = w. Calculate the remainder when d is divided by 15.
14
Let q(a) = -a**3 + 6*a**2 + a + 2. Suppose -5*l = 8*l - 195. What is the remainder when l is divided by q(6)?
7
Suppose 6*j - 398 = 190. Suppose 20 = 3*o - 2*o. What is the remainder when j is divided by o?
18
Let q(z) = -5*z - 25. What is the remainder when q(-17) is divided by 31?
29
Let i(h) = 2*h**2 - 2*h - 5. Calculate the remainder when i(6) is divided by (-3)/(-2)*456/36.
17
Let v(z) be the first derivative of z**2 + 7*z - 3. Calculate the remainder when 36 is divided by v(6).
17
Let n = -136 - -221. Calculate the remainder when n is divided by 22.
19
Let b(u) = 7*u. Suppose -p = o - 30, 3*o + 99 = 4*p - 0*o. Calculate the remainder when p is divided by b(2).
13
Let x be 0/2 - 0 - -3. Suppose -s = x - 11. What is the remainder when s is divided by 5?
3
Let w(y) = 2*y - 1. Calculate the remainder when 67 is divided by w(9).
16
Let j(n) = n**2 - 7*n - 5. Let x be j(8). Suppose -x*h = -h - 18. What is the remainder when 25 is divided by h?
7
Let a = -14 + 45. What is the remainder when 154 is divided by a?
30
Let g(o) = -o + 10. Let c = 34 - 6. Calculate the remainder when c is divided by g(0).
8
Let r(c) = 11*c + 3. Let q be 2 + 0 + 192/3. Suppose h = -4*h + 3*t + 101, 5*t = -4*h + q. What is the remainder when r(3) is divided by h?
17
Let w = 38 + -19. Let k be 0/10 - (4 - 1). Let i(u) = -12*u + 1. Calculate the remainder when i(k) is divided by w.
18
Let f(d) = d**2 - d - 4. Calculate the remainder when 28 is divided by f(4).
4
Let f = 13 + -4. Calculate the remainder when ((-47)/(-3))/(3/f) is divided by 12.
11
Suppose 3*g + 3*b = -g + 79, -3*g + 54 = 4*b. Let v = -13 + 24. Suppose 5*c - v - 49 = 0. Calculate the remainder when g is divided by c.
10
Suppose 0 = -2*o + h + 29, 0*o + 5*h - 24 = -3*o. Calculate the remainder when 23 is divided by o.
10
Let x(j) = -3*j. Let l be x(-2). Suppose 2*p + l = 38. What is the remainder when 47 is divided by p?
15
Let q = 4 - -9. What is the remainder when q is divided by 7?
6
Let i(v) = -v**2 + v**2 + v**3 + 12 + v - 9*v**2 + 0*v**3. What is the remainder when 62 is divided by i(9)?
20
Let o(k) = k**3 - 19*k**2 - 21*k + 44. What is the remainder when o(20) is divided by 14?
10
Suppose 2*w - 5 = 21. Suppose w + 22 = 5*m. Let p = 32 + -5. Calculate the remainder when p is divided by m.
6
Calculate the remainder when -3 + 18 + (1 - 0) is divided by 6.
4
Let a(r) = -2*r. Let i = -6 - -5. Let q = i - -5. What is the remainder when a(-3) is divided by q?
2
Let a = 9 + -7. Let g be 8*(-3)/(-24)*a. Suppose -g*v - 2 = 0, -2*v + 19 - 2 = x. What is the remainder when x is divided by 7?
5
Let s = -16 + 29. What is the remainder when 49 is divided by s?
10
Suppose -4*c + 49 = 3*s, 2*c + 2*s - 9 = 13. Calculate the remainder when c is divided by 9.
7
Let b(s) = -s**3 + 5*s**2 + 6*s - 6. Let i be b(6). Suppose 5*c - 1 = 24. What is the remainder when 4 is divided by c - -2*9/i?
0
Let a be (8/12)/((-2)/(-12)). Calculate the remainder when 17 is divided by ((-3)/a)/((-4)/48).
8
Suppose -66 = -2*m + i, i = -0*i. Let l = 56 - m. What is the remainder when l is divided by 6?
5
Let u(j) = j**3 - j**2 - 6*j + 6. Suppose -2*s + 3*w = 7, 2*s - 22 = -4*w + 6. What is the remainder when u(4) is divided by s/1*(-4 - -8)?
14
Let k be 2/1 - 162/(-3). Let r = k + -40. What is the remainder when r is divided by 6?
4
Suppose 3*n - 1 = -h + 3, 0 = -5*n + h - 4. Suppose -3*f = -u + 7 + 9, n = 2*f - 2. What is the remainder when u is divided by 7?
5
Suppose 0 = -2*w - 0 + 12. Calculate the remainder when w is divided by 12/(-10)*(-100)/30.
2
Let d = 46 + -20. Let m = -11 - -18. Calculate the remainder when d is divided by m.
5
Let q = 76 - 19. What is the remainder when (-1)/(0 - 3/q) is divided by 7?
5
Let d = 50 + -34. Calculate the remainder when 45 is divided by d.
13
Suppose -3*o + r + 25 + 89 = 0, 3*o - 2*r = 114. What is the remainder when 144 is divided by o?
30
Suppose -k - 5*w = -28, -2*k - 3*k = 2*w - 25. Calculate the remainder when 17*(k + -2) - -3 is divided by 11.
9
Let n = -8 + 2. Let c(m) = -m - 8*m - 7*m**2 - 2*m**3 - 2 + m**3. What is the remainder when c(n) is divided by 9?
7
Let h(b) = 9*b + 3. Let y be h(-5). Suppose 0 = -4*j - i - 93, -i = -4*j + 3*i - 108. Let a = j - y. What is the remainder when a is divided by 10?
8
Calculate the remainder when (-72)/(-10)*(3 + 2) is divided by 14.
8
Let m = -5 + 8. Suppose 0 = w + 2*q - 10, 3*q - 4 = -w + 10. Suppose -m*t + 5*t = r + 1, 8 = 2*r - w*t. Calculate the remainder when 16 is divided by r.
7
Let z(u) = -3*u**3 + u**2 - 2*u - 2. Let o(s) = 7*s**3 - 3*s**2 + 5*s + 5. Let y(c) = 4*o(c) + 9*z(c). What is the remainder when y(4) is divided by 14?
12
Suppose -4*u + 2*d - 30 = -380, -353 = -4*u + d. Calculate the remainder when u is divided by 10.
9
Let u = -5 - -2. Let n(v) = -v**3 - 2*v**2 + 2*v + 2. Calculate the remainder when 9 is divided by n(u).
4
Let j(b) = -7*b. Let q = -1 - 0. Calculate the remainder when 18 is divided by j(q).
4
Let d(f) = -f**2 - 11*f - 7. Let v be d(-7). Let z = 31 - v. Calculate the remainder when 37 is divided by z.
7
Let p(q) = 2*q - 3. Let i be p(3). Let m(x) = -x**3 + 3*x**2 + 3*x - 4. What is the remainder when 7 is divided by m(i)?
2
Let a(q) = -q**3 + q**2 + 9. Suppose 36 = 6*k - 4*k. Let v = -13 + k. What is the remainder when a(0) is divided by v?
4
Let r(v) = -v - 9. Let w be r(-5). Let d = w - -2. What is the remainder when 2 - (d + 4) - -43 is divided by 15?
13
Suppose -6*r = -r. Suppose 2*j + r - 6 = 0. What is the remainder when j is divided by 4*(3/2)/3?
1
Suppose -2*s = 3*s - 5*p + 10, 3*s = -5*p + 26. Suppose -3*b + z + 30 = 2*b, 0 = b - 4*z - 25. Calculate the remainder when b is divided by s.
1
Suppose 12*q = 14*q - 116. Calculate the remainder when q is divided by 20.
18
Suppose -3